t u(s) = -s**2 + 9*s + 2. Let t be u(8). Suppose t*h + 14 = 11*h. What is the tens digit of h?
1
Let s(c) = 34*c**2 - 10*c - 18. What is the hundreds digit of s(-4)?
5
Let g = 23 - 16. Suppose -147 = -10*z + g*z. What is the tens digit of z?
4
Suppose -2029 = -4*b - 3*c, 7*b - 2*c = 2*b + 2519. What is the units digit of b?
5
What is the units digit of (14 - 4)/(4*1/30)?
5
Suppose -3*m + 114 = -2*m. What is the tens digit of m?
1
Let i be (-738)/(-27)*6/4. Let w = -17 + i. What is the tens digit of w?
2
Suppose -5*m + 12*m = 2800. What is the hundreds digit of m?
4
Let r(a) = 12*a**2 + 11*a - 171. What is the tens digit of r(14)?
3
What is the units digit of (28/(-35))/((-1)/((-8635)/(-2)))?
4
Suppose 20*q + 7*q = 37962. What is the hundreds digit of q?
4
Let o(r) = 112*r - 9. Let a be o(3). Suppose -2*i - 3*i = -2*c - 450, 0 = -4*i - 5*c + a. What is the tens digit of i?
8
Suppose 2*o = -3*o - 25. Let m be (o/(-15))/((-1)/(-9)). Suppose -3*g - 59 = -2*h, -g + 42 = 4*h - m*h. What is the units digit of h?
7
Let n(p) = -124*p - 130. What is the hundreds digit of n(-6)?
6
Let c be ((-63)/(-14))/(2/(4064/6)). Suppose -c = -6*s + 456. What is the hundreds digit of s?
3
Suppose 35*i - 12057 - 3098 = 0. What is the hundreds digit of i?
4
Let d(a) = 340*a**2 + a. Let l be d(1). Let t = l + -161. What is the tens digit of t?
8
Let u = 177 + -83. What is the units digit of u?
4
Suppose -205 = -i + 6*u - 7*u, 3*i - 2*u = 605. What is the hundreds digit of i?
2
Let o be 117/65*(-290)/(-3). Let q = o + 37. What is the units digit of q?
1
Suppose -3*n + 5 = 2*n, -n - 15 = -4*s. Suppose s = 3*z - 5. Suppose z*a - 99 = -18. What is the tens digit of a?
2
Suppose r - 68 = -68. Suppose -p - 5*p + 1332 = r. What is the hundreds digit of p?
2
Let g(h) = 12*h**2 + 3. Let s(m) be the third derivative of 23*m**5/60 + 7*m**3/6 + 4*m**2. Let c(a) = 5*g(a) - 2*s(a). What is the tens digit of c(1)?
1
What is the tens digit of 0 - (-1*638 + 5)?
3
Let m(b) = 2*b**3 + 25*b**2 - 46*b + 10. What is the units digit of m(10)?
0
Let x = 2678 - 1070. What is the hundreds digit of x?
6
What is the hundreds digit of -23 + 29 + 1*500 + 2?
5
Let s be 2 - ((-2)/(-2) - 1). Suppose -5*m + s + 8 = 0. Suppose 2*i - w = 63, -m*i + 3*w - 8*w = -33. What is the units digit of i?
9
Let k(v) = 2*v + 8. Let h be k(-3). Suppose h*x = 5*i - 283, -22 = 3*i + 3*x - 175. What is the units digit of i?
5
Let l(b) = -8*b - 3*b + 13 + 4*b. What is the units digit of l(-6)?
5
Suppose -3*k + 3*i = -9300, 15*k + 3096 = 16*k - 5*i. What is the tens digit of k?
0
Suppose -3*l + 35 + 124 = 0. What is the units digit of l?
3
Let s(h) be the first derivative of 17*h**2/2 - 9. What is the units digit of s(2)?
4
Let t = 307 - 483. Let u be (t/(-32))/((-2)/(-8)). What is the tens digit of (u/(-4))/(3/(-6))?
1
Let h(v) = 3*v - 2. Let x be h(2). Suppose -4 = -2*j + j - 2*u, x*u = -16. What is the tens digit of j?
1
Let x(h) be the first derivative of -h**4/4 + 8*h**3/3 + h**2/2 - 5*h - 1. Let y be 52/(-260) - 82/(-10). What is the units digit of x(y)?
3
Let q be 3 + 0 - 360/12. Let z = 49 + q. What is the units digit of z?
2
Let g = -24 + 14. Let i be ((-15)/g*-2)/(-1). Suppose 0 = -2*h + 3*b + 84, h + b - i*b = 43. What is the units digit of h?
9
Let y(z) = z**2 - 8*z - 33. Let p be y(11). What is the hundreds digit of p*(-6)/30 - -132?
1
What is the tens digit of (-651)/(-9) - (-1 + -3)/(-12)?
7
Suppose -10*q + x + 1356 = -5*q, x + 540 = 2*q. What is the units digit of q?
2
Suppose 4*f = 12, r - 728 - 715 = -2*f. What is the thousands digit of r?
1
Suppose q - 13 = -4*b, b - 4*b + q + 15 = 0. Let a be -4 + b - -2*2. Suppose 41 = 2*d - l, -a*d + 5*l - 15 = -88. What is the tens digit of d?
2
Let s(k) = k**3 - 10*k**2 - 8*k - 11. Let b be s(11). Suppose -8 = b*h - 26*h. What is the units digit of 2*(h - 12)/(-1)?
0
Let m(y) = -3*y + 3. Let w be -5*(9/3 - 2). Let b(h) = 2*h + 5. Let f be b(w). What is the tens digit of m(f)?
1
Let t(w) = w**3 - 4*w**2 - 5*w - 3. Let c be t(5). Let f = -6 - c. What is the tens digit of (-14)/f*(3 - 0)?
1
Suppose 3*b = 0, 4*z = -0*b - 3*b + 660. Suppose 0 = -2*i + 7*i - z. What is the units digit of i?
3
Let c = -12 + 15. What is the units digit of (c - 21)/(-6) - 4*-26?
7
Let a = 12 - 21. Let n = a + 33. What is the tens digit of n?
2
Suppose -4448 = -3*s + 2*y, s - 2193 + 709 = y. What is the units digit of s?
0
Suppose -16 = -3*p + 4*q - 0, 0 = p - 5*q - 9. Suppose -5*s = 5*i - 135, 0*s + 78 = 3*i + p*s. Suppose 4*u = 78 + i. What is the tens digit of u?
2
Suppose 0 = 9*g - 14*g + 80. What is the units digit of (170/4)/(8/g)?
5
Let h(t) = -t - 70*t**2 + 5*t - 6 - t**3 + 67*t**2. What is the units digit of h(-6)?
8
Let l(k) = 106*k**3 - k**2 + 3*k - 3. Let b be ((-76)/(-20) - 4)*-5. What is the hundreds digit of l(b)?
1
Suppose -5*f + f - 312 = 0. Suppose 3*i + 41*s = 37*s + 386, 12 = -3*s. Let u = i + f. What is the tens digit of u?
5
Let q = -587 + 628. What is the units digit of q?
1
Suppose -5*c + 6 = 6. Suppose 6*x - 2*x - 384 = c. What is the units digit of x?
6
Let v(r) = -11*r + 112. What is the units digit of v(-5)?
7
Suppose -27*x = -6601 - 23855. What is the units digit of x?
8
Suppose -2*h = -2*l - 720, 23*l + 2 = 24*l. What is the hundreds digit of h?
3
Let j be (-2 - 3/(-6))/((-2)/172). Suppose 0 = -5*c + 3*p - 5*p + 200, 3*p = -3*c + j. What is the units digit of c?
8
Suppose -d + 24 = d. Let h(x) = -x**2 + 14*x - 2. Let j be h(d). Let t = -18 + j. What is the units digit of t?
4
Let p(w) = -57*w - 159. What is the units digit of p(-31)?
8
Suppose -3*l = -2*m + 5 - 23, -2*l = 5*m - 12. Let v(d) be the third derivative of 3*d**4/8 - 7*d**3/3 - d**2. What is the tens digit of v(l)?
4
Let k(r) = r**2 - 11*r + 144. What is the hundreds digit of k(0)?
1
Suppose 12 = 2*r - 2*m - 2, -5*r + 17 = m. Suppose 557 = r*y + 69. What is the tens digit of y?
2
Suppose -n - 3*c - 5 = 0, -2*n + 0*c - 2 = -2*c. What is the units digit of 2952/126*(-7)/n?
2
Suppose 2*f + 540 = s + 6*f, -5*s + 2700 = 2*f. What is the hundreds digit of s?
5
Suppose 5*l - 6*m + 2*m = 3, -5*m = -4*l - 3. Suppose 0 = -3*g + 3*u + 54, 4*g + l*u - 86 = -0*u. What is the units digit of g?
0
What is the hundreds digit of ((-648)/(-90) + -7)/(1/13435)?
6
Let h = 852 - 461. What is the hundreds digit of h?
3
Let d = -7 - -7. Suppose -5*q + 20 = d, -3*t - 4*q + 139 = -3*q. What is the tens digit of t?
4
Let k be 2/(-6)*(9 - 9). Let x = 4 + k. Suppose 138 = x*r - 86. What is the units digit of r?
6
Let x(t) = 7*t**2 + t + 3. What is the tens digit of x(-4)?
1
Let o be (1/(12/33))/(8/416). Suppose 23*c - 22*c = o. What is the hundreds digit of c?
1
Let h be ((-2030)/21)/(-2 + (-12)/(-9)). Suppose h = 7*d - 121. What is the units digit of d?
8
Suppose -p - q = 146 + 369, -4*p = -3*q + 2095. Let f = -385 - -295. What is the units digit of p/f + 2/9?
6
Let r(s) = -480*s + 2. What is the tens digit of r(-1)?
8
Suppose -2*y = -4*y + 4*k + 148, -4*k = 8. Suppose 4*t = -p + 65, y = -2*p - t + 200. What is the tens digit of p?
6
Let p(o) = 109*o - 156. What is the thousands digit of p(12)?
1
Suppose -2*g = -3*g + 3*d + 6, 3*d + 6 = -5*g. Suppose 3*k + 3*a - 10 = -2*k, 5*a = g. What is the tens digit of -2 - -28 - (-5 + k)?
2
Let p(r) = 15*r**2 + 22*r - 14. What is the thousands digit of p(9)?
1
Let m(p) = -3*p**2 - 3. Let z be m(3). Suppose 4*g = -4*q + 236, 4*g + 0*g = -2*q + 232. Let b = g + z. What is the tens digit of b?
2
Let a = 918 - -845. What is the thousands digit of a?
1
Suppose 0 = 10*n - 36664 + 5484. What is the hundreds digit of n?
1
Let d(n) = -5*n + n**3 + 0*n + 11 + 19*n**2 - 3. What is the tens digit of d(-19)?
0
Suppose 0 = l + j - 41, 0*l + 39 = l + 2*j. Suppose 0 = -y, 5*a - 5*y - 43 = 12. Suppose -2*o - 5*r + l = 0, -101 = -3*o + r - a. What is the tens digit of o?
2
Suppose a - 3 = 2. Suppose 5*k + 60 = 5*n, -a*k - 44 = -2*n - 2*n. What is the units digit of n?
6
Let t(i) = 6*i - 6. Let p = 30 + -32. Let u be t(p). What is the tens digit of 6 - (4 + -1) - u?
2
Let w = 15 - 12. Let u(q) = 19*q - q + 5*q - 6. What is the units digit of u(w)?
3
Let j(w) be the third derivative of w**5/10 + 7*w**4/24 + 10*w**3/3 - 2*w**2 - 4. What is the hundreds digit of j(-7)?
2
Let c(x) = -x**3 + x - 27. Let n be 